 + 511481. What are the prime factors of y?
41, 659
Let j = -72 + 76. Suppose 4240 = j*h - 344. List the prime factors of h.
2, 3, 191
Suppose 35*d + 205*d - 30*d - 9358020 = 0. What are the prime factors of d?
2, 3, 7, 1061
Let a = -115 + 166. Suppose -43 - 13 = -c + g, c - a = -4*g. List the prime factors of c.
5, 11
Suppose -3*b = -43*b + 150992 + 107528. List the prime factors of b.
23, 281
List the prime factors of (-935613)/(-126)*((-8)/10)/(1/(-5)).
2, 14851
Let q(l) be the first derivative of -l**4/4 + 8*l**3/3 + 5*l**2 - 8*l + 7. Let r be q(9). What are the prime factors of -21*(r - 3) - -2?
2, 11
Suppose -8*d = -5*d + 5*m - 290, 4*d - 410 = 5*m. What are the prime factors of d*138/23*10/12?
2, 5
Let f(v) = 4243*v**3 - 3*v**2 + 32*v - 30. List the prime factors of f(1).
2, 3, 7, 101
Let p be (-605)/(-66) - 5/(-6). Suppose 0 = -p*s + 1506 - 786. List the prime factors of s.
2, 3
Let z = 3426 - 9354. List the prime factors of (-6)/14 + (z/(-14) - -4).
7, 61
Let q = -865 + 2332. What are the prime factors of q?
3, 163
Let f(w) = 128*w + 1696. List the prime factors of f(37).
2, 3, 67
Suppose -3*v + 11*v = -32. Let n be 4/((-84)/(-393)) + v/(-14). Let l(r) = -r**3 + 20*r**2 - 19*r + 40. List the prime factors of l(n).
2, 5
Let j be (-38555)/50 - (5 + 486/(-60) - -3). Suppose -1128 = 3*y + 273. Let l = y - j. What are the prime factors of l?
2, 19
Let r(u) = -7601*u - 11210. List the prime factors of r(-5).
5, 23, 233
Let o be 6*(-2)/(-5)*(-5)/(-4). Suppose i + 1050 = o*l - 0*i, 3*l + i - 1050 = 0. List the prime factors of l.
2, 5, 7
Suppose 311*a + 7290 = 314*a. List the prime factors of a.
2, 3, 5
Let m(a) = 9*a**3 + 14*a**2 - 16*a - 86. What are the prime factors of m(10)?
2, 5077
Suppose -29*x + 27*x - 2 = 0. Let a be (10/15)/(x/(-3)). Suppose -24 = -i - 4*o, -a*i - 2*o = -3*o - 21. List the prime factors of i.
2, 3
Let n be 124/(-6)*-3 + (-6 - -10). Let z = n - 77. Let i(g) = g**3 + 12*g**2 + 8*g + 12. List the prime factors of i(z).
3, 5
Let h = 105 - -12. Suppose 1410 = -h*j + 122*j. List the prime factors of j.
2, 3, 47
Let j(v) = 6*v + 69. Let k = 58 - 56. Let m be (10 + -10)/(k/2 + 0). What are the prime factors of j(m)?
3, 23
Let k = -6089 - -9103. List the prime factors of k.
2, 11, 137
Let j(c) = 5*c**2 + 3*c. Let q be -4 + -7 + 5 + -7. List the prime factors of j(q).
2, 13, 31
Suppose 160 = 2*s - 340. Let t(y) = -y**2 - 79*y - 191. Let l be t(-8). Let a = l - s. List the prime factors of a.
127
Let v(z) = -22*z + 38. Let q be v(-10). Let r = 179 + q. List the prime factors of r.
19, 23
Let g be 8/20 - ((-72)/20 - -4). Suppose 4*f = -g*f + 1404. What are the prime factors of f?
3, 13
Suppose 5*m + 2421 + 274 = 0. Let l = 973 + m. What are the prime factors of l?
2, 7, 31
Let z = 50 + -48. Suppose -4*i = -u - 3*u - 640, z*i = -3*u + 315. What are the prime factors of i?
3, 53
Suppose -4*z - 7268 = -3*z. Let s be z/18 - (-2 + (-40)/(-18)). List the prime factors of 1/((-1214)/s - 3).
2, 101
Let v be 7/2 - 12/24. Suppose 5*u + 1 = -2*c + v, -1 = -c. Suppose u = -2*y + 5*y - 195. List the prime factors of y.
5, 13
Suppose -1127*f = -1122*f - 153835. List the prime factors of f.
11, 2797
Suppose 0 = 10*a - 371970 + 204323 - 238303. List the prime factors of a.
5, 23, 353
List the prime factors of (125942/(-18))/(-1) + 326/1467.
6997
Suppose -l + k = -3, -2*l + 7*k - 2*k = -9. Suppose 140 - 1592 = -l*x. List the prime factors of x.
2, 3, 11
Suppose -f + 137 + 80 = 2*l, -1150 = -5*f + 3*l. Let k = -339 - -485. Let p = f - k. What are the prime factors of p?
3
Let v = 4489 - 3052. List the prime factors of v.
3, 479
Suppose 0 = -115*g + 132*g - 204. List the prime factors of ((-4299)/g)/(((-18)/8)/9).
1433
Let l = 12590 - 812. What are the prime factors of l?
2, 3, 13, 151
Suppose -5*t - 28 + 898 = 0. Suppose -105 = -l - 5*y + t, y = 5*l - 1447. List the prime factors of l.
17
Let z(i) = 7*i**2 - 42*i + 517. What are the prime factors of z(28)?
11, 439
Let i(w) = w**3 + 6*w**2 - 25*w + 17. Let f be i(-9). Let y(l) = 145*l**2 - 1. List the prime factors of y(f).
2, 3
Let b = -3262 - -5361. What are the prime factors of b?
2099
Suppose 3*n = u - 27585, -5*u + 90*n + 137792 = 94*n. What are the prime factors of u?
2, 3, 2297
Let g(f) = -f**2 + 2*f + 3. Let o be g(0). Suppose -j + 2*p = -534, 4*p = o*j - 1034 - 576. What are the prime factors of j?
2, 271
Let j = 576 - 573. List the prime factors of 41880/35 + j + (-4)/7.
11, 109
Let t = 671 - 685. What are the prime factors of 1648 + t/(70/(-15))?
13, 127
Let x(c) = 6*c + 2. Let j be x(4). Suppose -81 = -n + j. Let v = n - 69. List the prime factors of v.
2, 19
Let c(q) = q - 34. Let b = 43 - 36. Let n(g) = -17. Let w(z) = b*n(z) - 4*c(z). What are the prime factors of w(-12)?
5, 13
Let y(p) = -p**2 - 2*p. Let k(a) = -8*a**2 + 36*a + 1. Let r(u) = k(u) - 3*y(u). List the prime factors of r(5).
2, 43
Suppose 8 = -2*g, 0 = -5*i + 96*g - 100*g + 47404. List the prime factors of i.
2, 2371
Let x(n) = -2*n + 8. Let z be x(-7). Let h = 157 + z. Suppose 4*p - c + h = 8*p, -205 = -5*p - 5*c. List the prime factors of p.
2, 23
Let r be -2 + -2 - -6 - -27. Let l = 4 + r. List the prime factors of (737/l)/(1/3).
67
Let o = 7338 - -894. What are the prime factors of o?
2, 3, 7
Let j be 2*((-5 - -7) + -1). Let r(i) = -11*i - 7. Let p(q) = -22*q - 13. Let x(a) = j*p(a) - 5*r(a). List the prime factors of x(13).
2, 19
Suppose 3*m = -2*s - 3*s + 20, 4*m - 23 = -3*s. Suppose m*p - 21 = -1. Suppose -23 = p*d - 5*d. List the prime factors of d.
23
Suppose 4*i - 2*i = -n - 11, -n = 4*i + 17. List the prime factors of (-10)/i*(-174)/(-145) + 557.
3, 11, 17
Let u = 3219 + -2980. List the prime factors of u.
239
Suppose 4687*u - 4643*u = 1953820. What are the prime factors of u?
5, 83, 107
Suppose 0 = -y + l - 86, -2*y + 57 - 257 = 5*l. Let d be (-3)/(((-5)/1)/y). Let c = d + 112. List the prime factors of c.
2, 29
Let i be (-30)/(-2)*(-10)/(-30). Let a(x) = 6*x - 52. Let r(j) = -j + 10. Let g(b) = 3*a(b) + 14*r(b). List the prime factors of g(i).
2
Let i(o) = -7*o + 11*o**3 + 3*o**2 + 2*o**2 + 5*o + 2*o**2 - 5 - 3*o. What are the prime factors of i(4)?
7, 113
Let h(o) = 60*o**2 + 7*o + 8. Let c be h(-3). Suppose 0 = 5*y - 3*u - c, -3*y + 523 = 2*y - 2*u. What are the prime factors of y?
103
Let k(d) = -5*d**3 + 8*d - 8. Let p be k(1). What are the prime factors of 0 + (-1990)/p + -6?
2, 7
Suppose 6*q - 2330 = 2908. Suppose -40*y + q = -31*y. Let v = 195 - y. What are the prime factors of v?
2, 7
Suppose 3*i + f + f = 31, 0 = -4*i - 4*f + 44. Suppose 50*t - 47*t = i. Suppose -5*g + 326 = -t*n + 114, -5*g + 4*n = -211. What are the prime factors of g?
43
Suppose 4*r = 11*r - 2436. Suppose i + y = 6 + 10, 3*i - 4*y = 76. Suppose -r = -i*p + 17*p. List the prime factors of p.
2, 29
List the prime factors of -2*1/6 + (-50270)/(-15).
3, 1117
Let l = 132 - 121. Let n(q) = 5*q**2 - 12*q + 9. What are the prime factors of n(l)?
2, 241
Let d = 563 - 61. Suppose 106 = -4*i + d. Suppose 0 = -2*g - f + i, f - 73 = 2*g - 182. What are the prime factors of g?
2, 13
Let b be (12/(-10))/((-2)/(-5)). Let z be b*(16/3)/4. List the prime factors of 16/z - (3 + -93).
2, 43
Suppose 3*u - 332175 + 61551 = -4*w, 270654 = 3*u - w. List the prime factors of u.
2, 3, 7, 179
Suppose 0*i + h = -4*i - 328, 0 = 4*h + 16. Let x(f) = -f**2 - 30*f - 28. Let a be x(-20). Let w = a + i. What are the prime factors of w?
7, 13
What are the prime factors of 358*(184/16 - -3)?
29, 179
List the prime factors of (3339/18 + -7)/((-6)/(-516)).
3, 7, 17, 43
Let b(n) = n**3 + 15*n**2 - 5*n - 35. Let s be b(-15). List the prime factors of (-18068)/(-20) - 16/s.
3, 7, 43
Let j(u) = u**2 + 8. Let g be j(0). Let m be (-1)/2 - ((-636)/g + 1). Let b = 0 + m. List the prime factors of b.
2, 3, 13
Let b(w) = 1025*w**2 - 996*w + 2978. What are the prime factors of b(3)?
5, 19, 97
Let p be 3/1 - (-7 + 10/2). Let j be 124/(-10) - (-2)/p. Let z = 98 - j. List the prime factors of z.
2, 5, 11
Let v be ((-3)/(-18))/((-7)/(-420)*5). List the prime factors of (-504)/(-72) - (-1376)/v.
5, 139
Suppose -4 = -3*c - 2*x, -7*x = -3*c - 3*x - 8. Suppose 6*f + c*f - 1044 = 0. List the prime factors of f.
2, 3, 29
Let v be (-32)/40*(1 + -6). Let y be (-20688)/(-36)*6/v. Su